.
-7
Let b(s) = -s**3 - 5*s**2 + s - 1. Calculate b(-5).
-6
Let t(z) = -13*z + 167. Determine t(10).
37
Let b(h) = -5*h**2 + 6*h + 8. Calculate b(4).
-48
Let c(x) = 14*x + 25. Calculate c(-2).
-3
Let x(y) = 2*y**3 + 49*y**2 + 24*y - 4. Calculate x(-24).
-4
Let b(l) = -l**3 - 6*l**2 - 4*l - 2. What is b(-5)?
-7
Let n(b) = -b**2 + 35*b + 160. Give n(39).
4
Let u(f) = -2*f**3 + 11*f**2 + 3*f + 7. What is u(6)?
-11
Let d(x) = x**3 - x**2 - x + 3. Give d(0).
3
Let d(n) = -26*n. Give d(0).
0
Let y(x) = -4*x + 10. Calculate y(10).
-30
Let c(i) = i**3 - 14*i**2 + 14*i - 11. Determine c(13).
2
Let j(o) = 7*o + 180. Determine j(-22).
26
Let r(o) = -31*o - 43. Determine r(-5).
112
Let r(g) = -2*g**3 - 5*g**2 + 11*g. Calculate r(-4).
4
Let a(n) = -5*n - 44. What is a(-9)?
1
Let d(t) = t**3 + 14*t**2 + 44*t. What is d(-5)?
5
Let a(v) = v - 14. Calculate a(-5).
-19
Let t(x) = -5*x**2 - 13*x - 28. What is t(-3)?
-34
Let w(m) = 6*m + 1. Determine w(1).
7
Let y(l) = -10*l - 47. Calculate y(-5).
3
Let n(v) = v**3 - 4*v**2 - v + 2. Determine n(3).
-10
Let k(h) = h**3 + 26*h**2 - 26*h + 31. Give k(-27).
4
Let h(s) = -17*s - 84. What is h(-5)?
1
Let h(s) = -38*s**2 + s - 1. Give h(1).
-38
Let j(z) = -2*z**2 + 12*z + 143. Calculate j(-6).
-1
Let j(r) = -16*r**2 + 113*r - 4. Give j(7).
3
Let q(b) = -b**3 + 33*b**2 + 110*b - 69. Determine q(36).
3
Let a(t) = -t**2 + 21*t + 125. Give a(26).
-5
Let a(m) = -m**2 + 3*m - 27. What is a(-8)?
-115
Let j(a) = a - 6. Determine j(-16).
-22
Let w(m) = 18*m - 157. Give w(9).
5
Let m(g) = -g**2 + 21*g + 35. Calculate m(21).
35
Let n(s) = -s**2 - 3*s + 9. Calculate n(-6).
-9
Let d(t) = -t**2 + 11*t - 19. Give d(8).
5
Let p(g) = g**2 - 3*g + 3. What is p(7)?
31
Let c(a) = 2*a**2 - 5*a + 11. Determine c(-5).
86
Let n(x) = x**3 + 7*x**2 - 26*x - 77. Calculate n(-9).
-5
Let p(z) = z**3 + 7*z**2 - z - 5. Calculate p(-7).
2
Let x(w) = 38*w + 691. Determine x(-18).
7
Let h(v) = 15*v - 57. Calculate h(15).
168
Let l(n) = -62*n - 440. What is l(-7)?
-6
Let c(k) = -k**3 - 4*k**2 - 6*k - 8. Give c(-3).
1
Let h(y) = -19*y**2 + 4*y - 2. What is h(2)?
-70
Let y(q) = q**3 - 19*q**2 + 36*q - 30. What is y(17)?
4
Let b(p) = -p**3 + 6*p - 7. What is b(2)?
-3
Let f(n) = -4*n - 9. Determine f(-3).
3
Let a(c) = -3*c**3 - 4*c**2 + 12*c + 9. What is a(-4)?
89
Let f(y) = -16*y**2 + 3*y. Give f(2).
-58
Let w(p) = -p + 5. Calculate w(7).
-2
Let z(r) = -4*r**3 - 13*r**2 + 11*r - 1. What is z(-4)?
3
Let s(t) = -5*t - 185. Give s(-36).
-5
Let b(h) = -2*h**2 - 56*h - 31. What is b(-27)?
23
Let m(f) = f**2 - 10*f. What is m(14)?
56
Let c(d) = d**2 + 9*d - 31. What is c(-11)?
-9
Let d(m) = m + 20. Determine d(-13).
7
Let m(k) = -5*k**2 + 44*k. Determine m(9).
-9
Let p(d) = d - 1. Calculate p(11).
10
Let w(s) = -s**3 + 4*s**2 - 6*s + 14. Give w(5).
-41
Let k(r) = r**2 - 14*r + 2. Give k(14).
2
Let o(h) = -h**3 + 14*h**2 - 21*h + 42. Determine o(13).
-62
Let o(p) = p**3 + 25*p**2 + 24*p - 27. What is o(-24)?
-27
Let p(u) = -u**2 + 11*u - 21. What is p(4)?
7
Let o(z) = -8*z**2 - 7*z + 39. Give o(5).
-196
Let a(z) = z**2 + 20*z - 47. Calculate a(-21).
-26
Let x(p) = p**3 - p**2 - 6*p + 8. What is x(-3)?
-10
Let a(o) = o**2 - 19*o + 6. What is a(8)?
-82
Let q(g) = -g**2 + 5. Give q(0).
5
Let t(p) = -p**3 - 5*p**2 + p - 8. What is t(-5)?
-13
Let k(v) = v**3 + 3*v**2 + 5*v + 3. Determine k(-2).
-3
Let z(v) = -5*v - 50. Determine z(-10).
0
Let r(v) = -21*v + 4. Calculate r(0).
4
Let r(q) = -3*q**3 - q**2 - q - 4. Calculate r(-2).
18
Let a(o) = -7*o**2 - o. Determine a(-3).
-60
Let p(d) = d**2 + 4*d - 7. Give p(-6).
5
Let i(f) = 7*f + 4. Give i(-4).
-24
Let h(k) = 2*k - 56. Calculate h(0).
-56
Let z(c) = 2*c**3 + 7*c**2 + 5*c - 1. What is z(-5)?
-101
Let r(d) = -d**2 + 6*d - 2. Give r(7).
-9
Let m(x) = -2*x**2 - 18*x - 9. What is m(-8)?
7
Let c(m) = 6*m + 3. Determine c(0).
3
Let o(r) = 3*r - 124. Give o(24).
-52
Let l(s) = 2*s - 23. Calculate l(11).
-1
Let h(s) = -6*s + 2. Calculate h(2).
-10
Let r(o) = -o**2 - 3*o + 1. What is r(-5)?
-9
Let q(j) = -9*j - 122. Give q(-18).
40
Let g(s) = 13*s + 48. What is g(-4)?
-4
Let i(w) = w**2 + 8*w + 11. What is i(-6)?
-1
Let f(o) = -o + 9. Calculate f(0).
9
Let v(a) = -2*a**3 + a**2 + 8*a + 9. What is v(-2)?
13
Let q(v) = v**2 + 6*v - 8. What is q(-8)?
8
Let a(w) = -w**2 + 11*w + 54. Determine a(16).
-26
Let r(j) = j**2 + 13*j - 35. What is r(5)?
55
Let q(x) = x**3 + 13*x**2 - 18*x - 2. What is q(-14)?
54
Let f(z) = -4*z - 21. What is f(-12)?
27
Let t(r) = -r**3 + 10*r**2 + r + 9. What is t(10)?
19
Let w(t) = -t**3 - 4*t**2 - 5*t - 4. Determine w(-3).
2
Let o(s) = -s**3 + 12*s**2 + 10*s - 18. What is o(12)?
102
Let o(b) = b**3 + 53*b**2 + 54*b + 101. What is o(-52)?
-3
Let u(h) = h**2 - 3*h + 5. Calculate u(-4).
33
Let j(t) = -t**3 - 4*t**2 - 20*t - 5. Calculate j(0).
-5
Let v(t) = -t**3 - 5*t**2 - 2*t + 11. Give v(-4).
3
Let b(u) = u**2 + 5*u - 5. Determine b(-8).
19
Let u(f) = -14*f**3 - 2*f - 3. Determine u(-1).
13
Let a(u) = u**2 - 14*u + 29. Calculate a(12).
5
Let o(v) = 2*v**2 - 2*v + 12. Calculate o(-6).
96
Let c(q) = -8*q + 253. What is c(31)?
5
Let y(s) = -s**3 - 3*s**2 + 9*s + 5. What is y(-3)?
-22
Let r(c) = 2*c**2 + 2*c + 12. Determine r(6).
96
Let c(o) = -53*o**3 + 4*o**2 + 3*o - 1. Calculate c(-1).
53
Let v(i) = -3*i**2 - 25*i - 32. Determine v(-6).
10
Let v(x) = -x**2 + 20*x - 56. What is v(19)?
-37
Let z(s) = -s**3 + 14*s**2 + 14*s + 17. Determine z(15).
2
Let z(k) = -2*k**3 + 2*k**2 - k + 7. What is z(2)?
-3
Let r(f) = 3*f + 16. Calculate r(-25).
-59
Let r(h) = h**3 + 10*h**2 - 10*h + 16. What is r(-11)?
5
Let a(x) = -41*x - 6. Give a(2).
-88
Let w(d) = -d**2 + 4*d - 1. Give w(6).
-13
Let b(w) = w**2 - 12*w + 3. Determine b(12).
3
Let l(y) = y**2 + 10*y + 12. What is l(-5)?
-13
Let h(l) = -l**3 - 8*l**2 - l + 4. What is h(-7)?
-38
Let j(f) = -6*f**3 + f**2 + f. Calculate j(-1).
6
Let k(p) = p - 13. Calculate k(7).
-6
Let j(x) = x**3 + x**2 + x + 3. Give j(0).
3
Let c(m) = -m + 7. What is c(7)?
0
Let c(p) = -2*p**2 + 21*p + 8. Determine c(10).
18
Let u(f) = -f**2 - 11*f + 8. Determine u(-4).
36
Let j(p) = -3*p - 109. What is j(-31)?
-16
Let l(j) = 2*j + 35. What is l(-18)?
-1
Let q(b) = -4*b**2 - 8*b - 10. Calculate q(-3).
-22
Let u(h) = h**2 + 2*h + 3. Calculate u(-6).
27
Let s(r) = -2*r - 11. Calculate s(-7).
3
Let o(k) = 9*k**2 - 1. Give o(1).
8
Let a(h) = 30*h + 916. Determine a(-31).
-14
Let y(q) = q**2 - 6*q + 3. Calculate y(3).
-6
Let f(b) = -19*b + 393. Calculate f(21).
-6
Let q(z) = -19*z - 176. Calculate q(-9).
-5
Let h(q) = 5*q**2 - 6*q - 3. Calculate h(3).
24
Let k(j) = -j**2 + 19*j - 32. Determine k(11).
56
Let i(o) = -12*o - 6. What is i(-3)?
30
Let r(n) = -2*n**3 - 14*n**2 + 4*n + 6. What is r(-7)?
-22
Let t(i) = -i**3 + 16*i**2 - 23*i - 40. Determine t(14).
30
Let j(a) = -a**2 - 27*a - 58. Determine j(-25).
-8
Let s(t) = t**3 + 6*t**2 + 4*t - 11. Calculate s(-5).
-6
Let h(k) = -9*k - 36. Give h(-6).
18
Let c(b) = b**3 + 13*b**2 + 13*b + 19. What is c(-12)?
7
Let w(n) = 5*n**3 + 3*n**2 + 2*n + 2. Determine w(-2).
-30
Let g(y) = -y - 3. Calculate g(-5).
2
Let c(u) = 13*u + 15. Give c(-4).
-37
Let s(g) = -g**2 + 2*g + 8. Determine s(0).
8
Let l(c) = 32*c. Give l(-1).
-32
Let a(x) = x**3 - x**2 - 91. Give a(0).
-91
Let s(w) = -5*w + 37. Determine s(9).
-8
Let x(f) = -f + 3. Calculate x(5).
-2
Let s(g) = 3*g**2 - 30*g - 13. Give s(11).
20
Let r(a) = 3*a**3 + 15*a**2 - 3*a - 5. Give r(-5).
10
Let b(t) = -4*t**3 + t**2 + t - 1. Determine b(1).
-3
Let i(o) = -o. What is i(2)?
-2
Let w(d) = d**3 + 3*d**2 - 3*d - 1. Calculate w(-3).
8
Let t(i) = i + 23. Calculate t(16).
39
Let d(i) = -i**2 - 2*i + 4. Calculate d(0).
4
Let j(s) = -s**3 + 11*s**2 - 5*s + 20. Give j(11).
-35
Let y(r) = -r**2 - 6*r + 58. Give y(-9).
31
Let p(j) = -80*j + 475. Give p(6).
-5
Let c(d) = -d**2 - 41*d - 309. Give c(-30).
21
Let a(w) = -w**2 - 16*w - 52. Calculate a(-5).
3
Let v(c) = -c**3 + c**2 + 4*c. Determine v(3).
-6
Let c(z) = -z**3 - 2*z**2 + 3*z + 3. Calculate c(-2).
-3
Let x(d) = -d**3 + 6*d**2 - 21. Determine x(5).
4
Let h(x) = -x**3 + 6*x**2 - 28*x + 129. Give h(4).
49
Let c(m) = m**3 + 23*m**2 - 50*m. Determine c(-25).
0
Let g(f) = 3*f**3 - f**2 + 1. Calculate g(2).
21
Let w(v) = 28*v**2 + v. What is w(1)?
29
Let i(j) 